divisor of g and 2?
2
Suppose 5*x = i + 2, -3*i - 5*x = -6*i + 14. Let q = -1 + -11. Let d be (-111)/(-15) + q/(-20). What is the greatest common factor of i and d?
8
Suppose 141 = 4*t + 5. Calculate the greatest common factor of 68 and t.
34
Let z = 4 + 0. What is the greatest common factor of 36 and z?
4
Let j(x) = -x**3 - x**2 + x + 18. Let g be j(0). Let p be 9/6 + (-66)/(-4). Calculate the greatest common factor of p and g.
18
Let v(d) = d**2 + 6*d + 1. Let k be v(-4). Let c(m) = m**3 + 7*m**2 + 6. Let x be c(k). What is the highest common divisor of x and 18?
6
Let l(s) = 8*s**3 + 1. Let m be l(-1). Let i(d) = -6*d + 8. Let c be i(m). Calculate the highest common divisor of 10 and c.
10
Suppose 1 + 15 = 2*w. Let v = w + -5. Suppose v*p - 6 = 5*i + 14, -4*p - i + 65 = 0. What is the greatest common factor of 30 and p?
15
Let y be ((-6)/(-2))/(15/10). Let s be -3*(-12)/(-27)*-3. What is the highest common factor of y and s?
2
Let a be ((-1)/4)/(1/(-12)). What is the highest common divisor of 21 and a?
3
Let z be 4/(-1) - (-2)/1. Let h be 7*(3/3 - z). What is the greatest common factor of 231 and h?
21
Let f(y) = -y**2 + 65. Let z be f(0). What is the greatest common factor of z and 13?
13
Suppose -b = -5, f + 4*b = 18 + 7. Let w = 53 - 13. What is the greatest common divisor of f and w?
5
Let n = 94 + -63. Calculate the highest common divisor of 217 and n.
31
Let u(n) = -n**3 - 8*n**2 - 17*n - 4. Let t be u(-5). Calculate the greatest common factor of t and 162.
6
Let z = 47 + -32. Let w = z - 11. What is the greatest common factor of w and 28?
4
Let y = 8 + -1. Let u(c) = -c**2 + 18*c - 9. Let p be u(13). What is the greatest common divisor of p and y?
7
Suppose -4*b + b = 5*i - 15, b - 12 = -4*i. Suppose 5*r + 10 = b, -3*d + 38 = 6*r - r. What is the greatest common divisor of 2 and d?
2
Let i(x) = 3*x - 16 + x**2 + 5*x + 6. Let r be i(-9). Let u be (r - -3) + (37 - -1). Calculate the highest common divisor of 8 and u.
8
Let o be 6*((-78)/(-9) - 1). Let v(h) = h**3 + 9*h**2 + 5*h - 1. Let r be v(-8). Calculate the greatest common divisor of r and o.
23
Let z be ((-42)/(-12))/(1/2). Let g(n) = n**2 - 3*n - 8. Let x be g(z). What is the highest common factor of 30 and x?
10
Suppose 2*i + 3*i = 10. Let c be 0 + 8 - 3/1. What is the greatest common factor of i and c?
1
Suppose 4 = -4*f, -3*f + 1 - 4 = -4*u. Let w be u/5*1/2. Let g = w + 9. What is the greatest common divisor of 36 and g?
9
Let y be (59 - -1)/(0 - -1). Let b(g) = -143*g + 7. Let p be b(-1). Calculate the highest common factor of p and y.
30
Let r = -56 + 78. What is the greatest common factor of r and 198?
22
Suppose n - 3*n + 4*w + 24 = 0, 2 = -2*w. Suppose -2*b + 2*c + 7 + 157 = 0, 232 = 3*b + 4*c. What is the greatest common factor of b and n?
10
Suppose 9*t = 2*t + 7. What is the greatest common divisor of 11 and t?
1
Let i = 18 - -9. Let o = -135 + 270. Calculate the highest common factor of i and o.
27
Suppose i - 5 = -1. Suppose -2*y = -3*q + 173, 0 = -5*y - i - 16. What is the greatest common factor of 22 and q?
11
Let y = -108 + 220. What is the highest common divisor of y and 16?
16
Let f be -129*1*2/(-6). Let g = 52 + -76. Let d = g + f. What is the greatest common factor of d and 38?
19
Let x(m) = m**2 + 4. Let y be x(-3). Let t be (-782)/(-13) + (-2)/y. Calculate the greatest common divisor of t and 15.
15
Let n be 6/(-15) + (-60)/(-25). What is the highest common divisor of n and 2?
2
Let s = -12 - -49. What is the highest common factor of 259 and s?
37
Suppose u + 2*u = 81. Calculate the highest common factor of u and 9.
9
Let q be 8/20 - 123/(-5). Let k be 27/15 + (-2)/(-10). Suppose -k*g + 6*g + 2*j = 32, 4*j = -16. What is the greatest common factor of g and q?
5
Let m be (-5)/(-1) - (6/2 - 1). Calculate the greatest common divisor of 3 and m.
3
Let t = 763 + -484. Suppose -5*l + 0*w - w = -274, -4*w = -5*l + t. What is the greatest common divisor of l and 11?
11
Let j(w) = -8*w + 1. Let q be j(-2). Let d be (0 + 17/2)*(5 + 1). What is the greatest common divisor of d and q?
17
Let a = 11 - 8. Suppose -a*j = -0*j. Suppose 7*p - 2*p - 45 = j. What is the highest common factor of 18 and p?
9
Suppose -3*f = -3 - 87. Calculate the greatest common divisor of f and 45.
15
Let j be (4/(-8))/(2/72). Let c be (-4)/j + 16/9. What is the highest common divisor of 4 and c?
2
Let d(s) = 5*s - 5. Let w be d(2). What is the greatest common factor of 35 and w?
5
Let v(u) = u**2 - 2*u - 2. Let m be v(3). Suppose -3*c = d + 2 - 0, 2*c = -4. Suppose 3 - d = -o. Calculate the greatest common divisor of o and m.
1
Let m(k) = -20*k + 4. Let z be m(-3). Suppose -z = -5*x + x. What is the highest common factor of x and 144?
16
Let w = -17 - -22. Suppose -2*v - 3*v + w = 0. What is the greatest common divisor of 9 and v?
1
Let y(i) = i**2 + 4. Let g be y(4). Let f = 0 + 6. Suppose -k - 500 = -f*k. What is the greatest common divisor of g and k?
20
Let g(l) = 2*l**2 + 13*l + 11. Let i be g(-11). Let m = i - 75. Let r be 3/(-1) + -2 + 10. Calculate the highest common factor of m and r.
5
Suppose 0 = 2*k - 4*k + 132. Let h be (11/2)/((-2)/(-12)). Calculate the greatest common divisor of h and k.
33
Let g = 49 + -47. What is the highest common factor of g and 14?
2
Let j(y) = 7*y + 4. Let r be j(6). Calculate the highest common factor of r and 115.
23
Let g(l) = -4*l + 1. Let p be g(1). Let c be ((-3)/(-1) - p) + -1. Let t = 0 + c. What is the highest common divisor of 25 and t?
5
Let y = -3 - -5. Suppose -14 = -5*w - 4. Suppose w*x = 22 - y. Calculate the greatest common factor of x and 5.
5
Suppose -2 = n, -5*c = -3*c + 3*n + 4. Let i = 1 - c. Suppose i = -s - 5*b + 38, 92 = -s + 3*s + 2*b. Calculate the highest common divisor of s and 16.
16
Let f = 14 - 14. Suppose f = -4*y + 2*y + 70. What is the greatest common divisor of y and 5?
5
Let c(l) = -4*l + 2. Let y be c(-2). Let h = 3 - 1. Suppose p - y = -h*r + 1, 4*p + 4 = 4*r. Calculate the greatest common factor of 32 and r.
4
Let i(z) = -4*z**3 - 7. Let y be i(-6). Suppose -y = -5*a + 518. Calculate the greatest common divisor of 25 and a.
25
Suppose -5*r + 9 = -126. Let s = 35 + -21. Suppose -4*q - x + s = 0, -2*x + 4 = -0*x. Calculate the highest common divisor of q and r.
3
Let s be 21/2 - 1/2. Calculate the greatest common divisor of s and 5.
5
Let x = -71 + 141. Suppose 0*f = 5*f - x. What is the greatest common factor of f and 70?
14
Let s(l) = -l**3 + 2*l**2 + 4*l - 3. Let f be s(3). Suppose -5*v + 0*v + 540 = f. Let c = 23 - 11. Calculate the highest common factor of v and c.
12
Suppose -5 - 3 = -2*z. Let s be 5/(-10)*-3*z. What is the greatest common divisor of s and 42?
6
Let y(g) = 12*g**2 + 2*g + 5. Let l be y(5). Let q = l + -225. Calculate the greatest common divisor of q and 10.
10
Let j(t) = -t**3 - 5*t**2 + 4*t + 2. Let a be j(-7). What is the highest common divisor of a and 18?
18
Suppose 0 = 3*g - d - 2, 0*g + 18 = -g + 5*d. Let o be 25326/99 - g/(-11). Let r = -151 + o. What is the greatest common factor of r and 15?
15
Let v be 5 - 2/(-4)*-6. Suppose -v*j - 3*j + 195 = 0. What is the highest common divisor of 26 and j?
13
Suppose -3*b = -4*b - 3*n + 9, -3*b + n + 37 = 0. Calculate the greatest common divisor of b and 48.
12
Let n = 21 - -15. Calculate the greatest common factor of 24 and n.
12
Let h = 19 - 8. Let w = 32 - h. Calculate the greatest common factor of w and 168.
21
Let l(p) = p + 14. Let m be l(0). Let r = 130 + -38. Let b = r - 36. What is the highest common divisor of b and m?
14
Let n be (-3 - 21/(-6))*12. Suppose c - 4*t = -1 - n, -3*t = -5*c + 33. Suppose -2 = -4*j + 10. What is the greatest common divisor of c and j?
3
Let x(g) be the third derivative of -g**6/120 - 7*g**5/30 - g**4/2 + 7*g**3/3 + 4*g**2. Let p be x(-13). Calculate the highest common factor of 5 and p.
1
Let t = 5 + -4. Suppose -5*a + 5*h - 10 = 0, 10 = -a - a + 4*h. Let d be (4 - a)*(5 + -2). Calculate the highest common factor of d and t.
1
Suppose 7*y - 114 = 33. What is the greatest common factor of y and 3?
3
Suppose 4*d = -3*j + 113, -4*j + 0*d - d + 142 = 0. Suppose 0*b = -4*b - 2*u + 28, 3*u = b + 7. Calculate the highest common divisor of j and b.
5
Let o(y) = y**3 - y**2 - y - 4. Let r = 13 + -10. Let n be o(r)